ctor of 800508?
True
Is 2514824 a multiple of 8?
True
Is 40 a factor of 3929731?
False
Is 115072 a multiple of 60?
False
Is 14 a factor of 346122?
True
Is 20 a factor of 4562320?
True
Is 73876 a multiple of 44?
True
Is 128054 a multiple of 164?
False
Is 32 a factor of 2104288?
True
Is 17 a factor of 270491?
False
Does 633 divide 63300?
True
Is 185843 a multiple of 8?
False
Is 666925 a multiple of 175?
True
Is 11 a factor of 2582?
False
Does 2 divide 586?
True
Is 9 a factor of 45438?
False
Is 10 a factor of 7040628?
False
Is 495 a factor of 7425?
True
Is 20 a factor of 1160482?
False
Does 23 divide 13501529?
True
Is 204180 a multiple of 10?
True
Is 19 a factor of 551944?
False
Is 6058583 a multiple of 10?
False
Is 178 a factor of 50543?
False
Is 55 a factor of 53240?
True
Is 2 a factor of 27703?
False
Is 2527940 a multiple of 38?
False
Is 64 a factor of 6554328?
False
Is 4325889 a multiple of 6?
False
Does 36 divide 4308120?
True
Does 42 divide 624120?
True
Does 65 divide 2213343?
False
Does 379 divide 1220910?
False
Is 148077 a multiple of 18?
False
Is 347570 a multiple of 198?
False
Is 18 a factor of 17451794?
False
Is 553024 a multiple of 27?
False
Does 1570 divide 4102410?
True
Is 15 a factor of 175889?
False
Does 673 divide 3607069?
False
Is 2871 a multiple of 261?
True
Is 2550565 a multiple of 5?
True
Does 6 divide 22752?
True
Is 146425 a multiple of 866?
False
Does 10 divide 2074?
False
Is 29 a factor of 1902007?
False
Is 2989428 a multiple of 156?
True
Does 779 divide 9588711?
True
Is 418 a factor of 4424948?
True
Is 7225938 a multiple of 19?
False
Is 432425 a multiple of 245?
True
Is 96 a factor of 146592?
True
Is 105 a factor of 3980550?
True
Does 135 divide 16822544?
False
Is 2811332 a multiple of 53?
True
Does 52 divide 94639?
False
Is 189 a factor of 726705?
True
Is 3776468 a multiple of 18?
False
Is 495 a factor of 1634490?
True
Is 145604 a multiple of 6?
False
Is 1583661 a multiple of 3?
True
Is 143940 a multiple of 20?
True
Is 4852455 a multiple of 7?
False
Is 5240365 a multiple of 5?
True
Is 61 a factor of 1653420?
False
Is 21 a factor of 1466260?
False
Does 5 divide 331620?
True
Does 86 divide 109420?
False
Is 193776 a multiple of 33?
True
Is 11 a factor of 302729?
False
Is 295 a factor of 3952705?
True
Is 300 a factor of 481800?
True
Does 33 divide 68607?
True
Does 5 divide 105217?
False
Does 27 divide 973215?
True
Is 902 a multiple of 44?
False
Does 13 divide 162642?
False
Is 572688 a multiple of 369?
True
Is 311 a factor of 21081446?
True
Is 1585434 a multiple of 278?
True
Does 6 divide 181422?
True
Is 13624 a multiple of 2?
True
Is 23140788 a multiple of 22?
True
Is 75 a factor of 2363417?
False
Does 8 divide 23220296?
True
Is 660 a factor of 3043920?
True
Does 51 divide 2341461?
True
Is 7 a factor of 8700?
False
Is 37 a factor of 6757448?
False
Does 125 divide 354107?
False
Is 165315 a multiple of 103?
True
Does 112 divide 7027967?
False
Is 379111 a multiple of 316?
False
Does 325 divide 313300?
True
Does 3 divide 59076?
True
Is 4912869 a multiple of 178?
False
Is 3 a factor of 86644?
False
Does 2 divide 74922?
True
Is 343349 a multiple of 10?
False
Does 215 divide 1197335?
True
Is 355 a factor of 4894919?
False
Does 9 divide 4131?
True
Is 57 a factor of 2786103?
True
Does 35 divide 2103664?
False
Does 288 divide 397152?
True
Does 9 divide 6657395?
False
Does 14 divide 532084?
True
Is 28 a factor of 1366125?
False
Is 59 a factor of 1988064?
True
Is 65779 a multiple of 12?
False
Is 30 a factor of 1774380?
True
Does 15 divide 731955?
True
Is 1034604 a multiple of 90?
False
Is 637400 a multiple of 67?
False
Does 33 divide 123323?
False
Does 2 divide 238873?
False
Does 47 divide 225556?
False
Is 48 a factor of 524928?
True
Is 19 a factor of 88469?
False
Does 76 divide 560956?
True
Is 235 a factor of 357200?
True
Does 30 divide 139770?
True
Does 35 divide 14630?
True
Is 62 a factor of 491922?
False
Is 7 a factor of 7763?
True
Does 133 divide 299584?
False
Is 4 a factor of 304541?
False
Is 25054 a multiple of 289?
False
Is 682 a factor of 1209186?
True
Does 42 divide 4457880?
True
Is 4705400 a multiple of 56?
True
Is 409 a factor of 363958?
False
Is 309170 a multiple of 86?
True
Is 293 a factor of 65339?
True
Is 25 a factor of 250875?
True
Is 68 a factor of 16863?
False
Is 4786739 a multiple of 55?
False
Is 226107 a multiple of 159?
False
Does 30 divide 273501?
False
Does 10 divide 38450?
True
Does 22 divide 3270388?
True
Does 27 divide 338931?
True
Is 32 a factor of 885978?
False
Is 205758 a multiple of 46?
True
Does 23 divide 891273?
True
Is 17 a factor of 140360?
False
Is 50 a factor of 5834700?
True
Does 409 divide 66460?
False
Is 111 a factor of 963369?
True
Does 76 divide 5886834?
False
Is 6 a factor of 1779619?
False
Is 99554 a multiple of 83?
False
Is 17341784 a multiple of 8?
True
Is 14229239 a multiple of 673?
True
Does 6 divide 81118?
False
Is 57 a factor of 2263755?
True
Is 198597 a multiple of 90?
False
Does 15 divide 172618?
False
Does 27 divide 209601?
True
Is 46998 a multiple of 3?
True
Does 207 divide 202536?
False
Does 14 divide 1552054?
True
Does 4 divide 3567432?
True
Does 8 divide 43176?
True
Does 843 divide 4708155?
True
Does 293 divide 8943?
False
Is 136198 a multiple of 13?
False
Is 318720 a multiple of 160?
True
Does 20 divide 211226?
False
Is 713890 a multiple of 64?
False
Does 41 divide 722492?
False
Is 292 a factor of 5497984?
False
Is 16308 a multiple of 22?
False
Is 170 a factor of 3552320?
True
Does 748 divide 1214574?
False
Is 115 a factor of 27993?
False
Is 55 a factor of 10411995?
True
Is 203 a factor of 29703163?
True
Is 12 a factor of 7976592?
True
Does 314 divide 139022?
False
Does 29 divide 1302477?
True
Does 121 divide 24926?
True
Is 5 a factor of 111607?
False
Is 2677371 a multiple of 25?
False
Is 798550 a multiple of 14?
False
Does 195 divide 19110?
True
Is 2647027 a multiple of 1268?
False
Is 245367 a multiple of 232?
False
Does 201 divide 8585715?
True
Is 5399672 a multiple of 25?
False
Is 223538 a multiple of 101?
False
Is 2690904 a multiple of 8?
True
Does 137 divide 195298?
False
Is 30750 a multiple of 9?
False
Is 860 a factor of 2582580?
True
Is 55260 a multiple of 60?
True
Is 89 a factor of 50581?
False
Does 525 divide 1127700?
True
Is 25676 a multiple of 28?
True
Is 29 a factor of 3768202?
True
Is 22 a factor of 56313?
False
Is 203 a factor of 901929?
True
Does 7 divide 12357709?
True
Is 792819 even?
False
Does 1380 divide 3542460?
True
Is 332730 a multiple of 393?
False
Is 2 a factor of 8615?
False
Does 454 divide 2199176?
True
Does 409 divide 977156?
False
Does 67 divide 206583?
False
Is 12 a factor of 109551?
False
Is 753 a factor of 52325?
False
Is 14784 a multiple of 8?
True
Is 30976 a multiple of 88?
True
Is 71325 a multiple of 12?
False
Does 16 divide 5179530?
False
Is 3 a factor of 86706?
True
Is 15 a factor of 148339?
False
Does 6 divide 984?
True
Is 179 a factor of 15022754?
True
Is 14857831 a multiple of 1532?
False
Is 238774 a multiple of 554?
True
Is 71316 a multiple of 6?
True
Does 18 divide 939744?
True
Does 36 divide 850644?
True
Is 788548 a multiple of 44?
False
Does 3 divide 91293?
True
Is 12 a factor of 11994172?
False
Is 192 a factor of 289115?
False
Does 15 divide 128080?
False
Is 127 a factor of 2371979?
True
Is 10122 a multiple of 23?
False
Is 329440 a multiple of 54?
False
Is 66072 a multiple of 24?
True
Is 10 a factor of 23705465?
False
Is 353992 a multiple of 8?
True
Does 180 divide 5311980?
True
Is 110 a factor of 117590?
True
Is 90548 a multiple of 86?
False
Does 25 divide 3652302?
False
Is 5577799 a multiple of 31?
True
Is 12 a factor of 103798?
False
Is 36 a factor of 23940?
True
Is 7764377 a multiple of 45?
False
Is 26 a factor of 290433?
False
Is 173 a factor of 165907?
True
Is 37 a factor of 1102896?
True
Is 18 a factor of 63018?
True
Is 878261 a multiple of 31?
True
Does 55 divide 598222?
False
Is 1157343 a multiple of 11?
True
Is 89 a factor of 217961?
True
Is 199 a factor of 251261?
False
Is 59100 a multiple of 6?
True
Does 17 divide 75480?
True
Is 1604666 a multiple of 128?
False
Is 402 a factor of 239549?
False
Is 1394 a factor of 19575577?
False
Does 90 divide 13908150?
True
Does 166 divide 101527?
False
Is 12 a factor of 464556?
True
D